at is the tens digit of 16411?
1
What is the tens digit of 11323?
2
What is the units digit of 220?
0
What is the thousands digit of 21328?
1
What is the units digit of 5489?
9
What is the units digit of 490?
0
What is the hundreds digit of 393?
3
What is the hundred thousands digit of 116043?
1
What is the thousands digit of 3010?
3
What is the hundreds digit of 421?
4
What is the hundreds digit of 5146?
1
What is the hundreds digit of 45154?
1
What is the thousands digit of 109720?
9
What is the tens digit of 21824?
2
What is the tens digit of 945?
4
What is the units digit of 1084?
4
What is the units digit of 1056?
6
What is the hundreds digit of 143973?
9
What is the tens digit of 471?
7
What is the hundreds digit of 17347?
3
What is the hundreds digit of 233?
2
What is the units digit of 3246?
6
What is the hundreds digit of 9063?
0
What is the ten thousands digit of 82012?
8
What is the units digit of 1171?
1
What is the ten thousands digit of 159079?
5
What is the ten thousands digit of 132268?
3
What is the thousands digit of 23586?
3
What is the units digit of 28736?
6
What is the tens digit of 3302?
0
What is the units digit of 1548?
8
What is the tens digit of 2037?
3
What is the units digit of 4118?
8
What is the ten thousands digit of 99875?
9
What is the units digit of 635?
5
What is the units digit of 18675?
5
What is the thousands digit of 2799?
2
What is the tens digit of 1032?
3
What is the thousands digit of 6104?
6
What is the hundred thousands digit of 119393?
1
What is the tens digit of 3499?
9
What is the units digit of 1203?
3
What is the thousands digit of 3690?
3
What is the tens digit of 20797?
9
What is the tens digit of 246?
4
What is the tens digit of 2565?
6
What is the units digit of 3102?
2
What is the tens digit of 1462?
6
What is the hundreds digit of 24188?
1
What is the hundreds digit of 4024?
0
What is the units digit of 5825?
5
What is the units digit of 127284?
4
What is the hundreds digit of 85151?
1
What is the units digit of 1650?
0
What is the tens digit of 3533?
3
What is the hundreds digit of 2843?
8
What is the tens digit of 988?
8
What is the units digit of 1333?
3
What is the hundreds digit of 12291?
2
What is the tens digit of 17758?
5
What is the tens digit of 18865?
6
What is the tens digit of 3574?
7
What is the hundreds digit of 321?
3
What is the hundreds digit of 4650?
6
What is the units digit of 39724?
4
What is the units digit of 12?
2
What is the hundreds digit of 538?
5
What is the tens digit of 3510?
1
What is the thousands digit of 176642?
6
What is the thousands digit of 2493?
2
What is the units digit of 79756?
6
What is the hundreds digit of 788?
7
What is the hundreds digit of 2628?
6
What is the hundreds digit of 36181?
1
What is the units digit of 5265?
5
What is the tens digit of 406?
0
What is the ten thousands digit of 13355?
1
What is the tens digit of 11718?
1
What is the tens digit of 11692?
9
What is the hundreds digit of 30090?
0
What is the tens digit of 5469?
6
What is the units digit of 461?
1
What is the units digit of 20076?
6
What is the thousands digit of 9574?
9
What is the hundreds digit of 1174?
1
What is the hundreds digit of 1322?
3
What is the hundreds digit of 43050?
0
What is the ten thousands digit of 20149?
2
What is the units digit of 2154?
4
What is the hundreds digit of 35062?
0
What is the hundreds digit of 15303?
3
What is the tens digit of 19690?
9
What is the units digit of 66630?
0
What is the tens digit of 9439?
3
What is the units digit of 4?
4
What is the thousands digit of 1039?
1
What is the tens digit of 613?
1
What is the ten thousands digit of 12771?
1
What is the units digit of 2302?
2
What is the units digit of 4025?
5
What is the units digit of 8961?
1
What is the ten thousands digit of 20774?
2
What is the tens digit of 148?
4
What is the thousands digit of 33454?
3
What is the tens digit of 6960?
6
What is the units digit of 1870?
0
What is the units digit of 545?
5
What is the hundreds digit of 7890?
8
What is the units digit of 156?
6
What is the tens digit of 28453?
5
What is the units digit of 1513?
3
What is the hundreds digit of 168437?
4
What is the ten thousands digit of 16031?
1
What is the hundreds digit of 7367?
3
What is the hundreds digit of 63735?
7
What is the tens digit of 14143?
4
What is the units digit of 10718?
8
What is the hundreds digit of 103?
1
What is the tens digit of 2203?
0
What is the hundreds digit of 216?
2
What is the thousands digit of 3440?
3
What is the hundreds digit of 438?
4
What is the thousands digit of 54643?
4
What is the units digit of 1239?
9
What is the hundreds digit of 34233?
2
What is the tens digit of 959?
5
What is the units digit of 1010?
0
What is the tens digit of 2728?
2
What is the units digit of 62373?
3
What is the tens digit of 239?
3
What is the hundreds digit of 673?
6
What is the hundred thousands digit of 119261?
1
What is the tens digit of 4789?
8
What is the tens digit of 290?
9
What is the ten thousands digit of 11441?
1
What is the hundreds digit of 1352?
3
What is the units digit of 16664?
4
What is the units digit of 94?
4
What is the ten thousands digit of 48276?
4
What is the units digit of 11601?
1
What is the hundreds digit of 36372?
3
What is the units digit of 10178?
8
What is the units digit of 6844?
4
What is the units digit of 107?
7
What is the units digit of 34?
4
What is the units digit of 77275?
5
What is the units digit of 723?
3
What is the units digit of 35210?
0
What is the hundreds digit of 1410?
4
What is the units digit of 775?
5
What is the units digit of 2628?
8
What is the hundreds digit of 13591?
5
What is the tens digit of 3215?
1
What is the tens digit of 1111?
1
What is the thousands digit of 6716?
6
What is the tens digit of 7650?
5
What is the hundreds digit of 1371?
3
What is the hundreds digit of 661?
6
What is the units digit of 55025?
5
What is the hundreds digit of 1581?
5
What is the units digit of 9518?
8
What is the hundreds digit of 451?
4
What is the hundreds digit of 1432?
4
What is the tens digit of 759?
5
What is the thousands digit of 2539?
2
What is the hundreds digit of 972?
9
What is the units digit of 1301?
1
What is the thousands digit of 5041?
5
What is the tens digit of 1209?
0
What is the tens digit of 539?
3
What is the units digit of 45201?
1
What is the hundreds digit of 6596?
5
What is the units digit of 1118?
8
What is the units digit of 1120?
0
What is the hundred thousands digit of 102176?
1
What is the hundreds digit of 1102?
1
What is the units digit of 377?
7
What is the tens digit of 832?
3
What is the tens digit of 9261?
6
What is the tens digit of 873?
7
What is the tens digit of 8109?
0
What is the hundreds digit of 17423?
4
What is the units digit of 1049?
9
What is the units digit of 137483?
3
What is the ten thousands digit of 27679?
2
What is the hundreds digit of 4069?
0
What is the hundreds digit of 8327?
3
What is the thousands digit of 2317?
2
What is the thousands digit of 2669?
2
What is the hundreds digit of 44538?
5
What is the ten thousands digit of 48628?
4
What is the thousands digit of 2203?
2
What is the hundreds digit of 871?
8
What is the units digit of 692?
2
What is the units digit of 189?
9
What is the ten thousands digit of 37180?
3
What is the tens digit of 2259?
5
What is the hundreds digit of 57677?
6
What is the ten thousands digit of 64345?
6
What is the hundreds digit of 1728?
7
What is the tens digit of 18472?
7
What is the thousands digit of 1975?
1
What is the tens digit of 1025?
2
What is the hundreds digit of 461?
4
What is the hundred thousands digit of 101993?
1
What is the tens digit of 4732?
3
What is the tens digit of 697?
9
What is the tens digit of 317?
1
What is the thousands digit of 3728?
3
What is the units digit of 3874?
4
What is the tens digit of 11356?
5
What is the hundreds digit of 11572?
5
What is the thousands digit of 11509?
1
What is the units digit of 2280?
0
What is the units digit of 2038?
8
What is the thousands digit of 2066?
2
What is the tens digit of 4029?
2
What is the units digit of 256?
6
What is the tens digit of 10443?
4
What is the units digit of 450?
0
What is the tens digit of 1731?
3
What is the tens digit of 481?
8
What i